1 + 102110?
102121
In base 2, what is -11000011100 + 1?
-11000011011
In base 13, what is 14 - 19?
-5
In base 16, what is 3 - 33?
-30
In base 10, what is -2 - -2624?
2622
In base 3, what is 1111212 - -1?
1111220
In base 10, what is 0 + 470?
470
In base 2, what is 100011101 - -10100?
100110001
In base 3, what is -2 - 121221?
-122000
In base 3, what is -11 + 2011?
2000
In base 6, what is -4 - -30?
22
In base 4, what is 11033 - -3?
11102
In base 8, what is -37 - 0?
-37
In base 16, what is 26 - -37?
5d
In base 5, what is -343 + 3?
-340
In base 8, what is -413 - -5?
-406
In base 8, what is 0 - 2535?
-2535
In base 3, what is -111112 + -11?
-111200
In base 16, what is -4 + -492?
-496
In base 3, what is -20 + 1222?
1202
In base 8, what is -136 - -105?
-31
In base 10, what is -2 + 1879?
1877
In base 7, what is 5 + -525?
-520
In base 6, what is -1 + -11?
-12
In base 14, what is -8 + 7?
-1
In base 7, what is 5102 + -4?
5065
In base 13, what is 1 - 4c1?
-4c0
In base 10, what is -22 - 107?
-129
In base 9, what is 3 - 34?
-31
In base 10, what is 0 - -94?
94
In base 4, what is -220032 + -1?
-220033
In base 4, what is -12 - -233312?
233300
In base 12, what is 2 - 54?
-52
In base 2, what is 101 - -111000?
111101
In base 12, what is -3 - 4?
-7
In base 10, what is 2 + 2?
4
In base 11, what is -10a6 + -4?
-10aa
In base 10, what is 14 - 956?
-942
In base 3, what is 11 - -2022?
2110
In base 3, what is -2212 + -1112?
-11101
In base 9, what is 104 + 25?
130
In base 15, what is -320c + 0?
-320c
In base 16, what is 0 + -ac1?
-ac1
In base 12, what is -222 + 14?
-20a
In base 15, what is 5 - b?
-6
In base 13, what is -37 + -5?
-3c
In base 11, what is -7a4 + -16?
-80a
In base 5, what is -240 - -444?
204
In base 14, what is cb9 + -1?
cb8
In base 8, what is -3777 + -4?
-4003
In base 4, what is -2013 + 10?
-2003
In base 12, what is -18b + -7?
-196
In base 12, what is 0 - 130?
-130
In base 15, what is 6 - -c05?
c0b
In base 3, what is -21012 - -11?
-21001
In base 12, what is 0 + -130?
-130
In base 4, what is -200 + 10?
-130
In base 2, what is 10 + 111100?
111110
In base 11, what is -730 + 4?
-727
In base 9, what is -378 + -2?
-381
In base 4, what is 1101 + -10122?
-3021
In base 7, what is 3 + -3525?
-3522
In base 15, what is 55 - 1?
54
In base 13, what is -1 - -26?
25
In base 11, what is -38 - -4?
-34
In base 11, what is 1289 - -8?
1296
In base 13, what is -12 + 2b?
19
In base 8, what is -2 + -3770?
-3772
In base 6, what is -510 - -1?
-505
In base 10, what is -5 - -141?
136
In base 3, what is -11 + 10101?
10020
In base 3, what is -1001200 - 21?
-1001221
In base 16, what is 2 - -2a?
2c
In base 2, what is -11 - 10101?
-11000
In base 4, what is -233 + 0?
-233
In base 5, what is -302 - 0?
-302
In base 7, what is 13 - -4564?
4610
In base 9, what is -6 - 422?
-428
In base 5, what is 0 + 10314?
10314
In base 5, what is 2 - 44?
-42
In base 7, what is 4 + 1064?
1101
In base 9, what is 2 + -8458?
-8456
In base 2, what is 1 - 10011?
-10010
In base 10, what is 0 - 369?
-369
In base 12, what is 43 - 13?
30
In base 7, what is -23 + 453?
430
In base 8, what is -27431 - -1?
-27430
In base 5, what is -1 - -1003?
1002
In base 3, what is -1 + 1121?
1120
In base 7, what is 411 + 0?
411
In base 14, what is -5 - c?
-13
In base 13, what is 73 + -4?
6c
In base 13, what is -12 + -5?
-17
In base 7, what is -2 - 4144?
-4146
In base 11, what is -2 - -3?
1
In base 3, what is -2211 - -1002?
-1202
In base 11, what is 53 - 5?
49
In base 2, what is 0 + 1101?
1101
In base 4, what is 12 + -131001?
-130323
In base 16, what is 7 + -c?
-5
In base 6, what is 34420 - -3?
34423
In base 5, what is 12 + 341?
403
In base 2, what is 1111 - -1110000?
1111111
In base 11, what is 5 - -83?
88
In base 7, what is 230 + 3?
233
In base 13, what is -352c + -3?
-3532
In base 15, what is b0 + -1?
ae
In base 6, what is -12 - 4?
-20
In base 11, what is 445 + 5?
44a
In base 7, what is -2 - 46?
-51
In base 3, what is 221 + -10020?
-2022
In base 5, what is -2423141 - 1?
-2423142
In base 8, what is -10475 - 1?
-10476
In base 4, what is -3 - -1011?
1002
In base 6, what is -110 + 54?
-12
In base 8, what is -2 - 2604?
-2606
In base 15, what is 3 + -b5e?
-b5b
In base 7, what is -24 + 160?
133
In base 2, what is -110 - 10110000?
-10110110
In base 15, what is -1 - -679?
678
In base 9, what is 4 + 1206?
1211
In base 13, what is -5 + 13a?
135
In base 8, what is -5 - -12065?
12060
In base 13, what is 2a1a + -4?
2a16
In base 5, what is 10 - 303?
-243
In base 3, what is -2 + 0?
-2
In base 4, what is 2103 - 331?
1112
In base 8, what is 55 - 13?
42
In base 10, what is 26 + 70?
96
In base 9, what is -3 + 46?
43
In base 2, what is 100 - -110110110?
110111010
In base 10, what is 45 - -13?
58
In base 6, what is -104220 + 2?
-104214
In base 3, what is -1000 + 11210?
10210
In base 4, what is -1303 - 211?
-2120
In base 15, what is -154e + 4?
-154a
In base 2, what is 1000 + 100011?
101011
In base 9, what is -2455 + -5?
-2461
In base 7, what is 3 + 154?
160
In base 15, what is b + 16?
22
In base 4, what is 321001 - -3?
321010
In base 12, what is -4 - -4?
0
In base 2, what is -1101 + -10001100?
-10011001
In base 5, what is 21111 - -3?
21114
In base 7, what is 316 - 0?
316
In base 3, what is 2 - -11010?
11012
In base 8, what is 5222 + 5?
5227
In base 11, what is 13 - -67?
7a
In base 6, what is 4 - -34134?
34142
In base 6, what is -4 - 1?
-5
In base 13, what is 1 - b80?
-b7c
In base 9, what is 31 + -4?
26
In base 7, what is -163 - 1?
-164
In base 6, what is 441 - 202?
235
In base 3, what is 20 - -10210000?
10210020
In base 16, what is -5 - 132?
-137
In base 8, what is 3 + -1301?
-1276
In base 11, what is -2a5 + 0?
-2a5
In base 6, what is -22 + -23?
-45
In base 6, what is -115 - -142?
23
In base 9, what is -2 - -363?
361
In base 2, what is 1001000101 + -11?
1001000010
In base 13, what is 27 - -34?
5b
In base 5, what is -10 + -12031?
-12041
In base 12, what is -21 + -b?
-30
In base 10, what is -920 - -14?
-906
In base 13, what is -1 - -848?
847
In base 5, what is 30 + -340?
-310
In base 15, what is 8c + -1e?
6d
In base 13, what is 88 - 4?
84
In base 5, what is 1 - -11204?
11210
In base 10, what is 5 + -27?
-22
In base 10, what is -22 - 643?
-665
In base 14, what is -9 - 17d?
-188
In base 10, what is -180 + -6?
-186
In base 12, what is -183 - 4?
-187
In base 12, what is -ab - 26?
-115
In base 16, what is 18 + -9?
f
In base 4, what is -11 - -1010?
333
In base 3, what is 202111 - 10?
202101
In base 9, what is 2 + 204?
206
In base 11, what is 431 - 31?
400
In base 7, what is -123 + 26?
-64
In base 3, what is 11221 - 220?
11001
In base 5, what is 0 + 12403?
12403
In base 11, what is -1 - 55a9?
-55aa
In base 11, what is 4 + 2611?
2615
In base 8, what is 105 - -247?
354
In base 4, what is -31012 - -10?
-31002
In base 12, what is -1 - -83?
82
In base 3, what is -220110 + -2?
-220112
In base 9, what is 166 - -23?
200
In base 12, what is 2 - -18?
1a
In base 6, what is -11 - -3504?
3453
In base 11, what is 1286 - 2?
1284
In base 12, what is -3 + 2b8?
2b5
In base 10, what is -1 - 109?
-110
In base 11, what is -235 - 4?
-239
In base 8, what is -1 + 175?
174
In base 2, what is 10110011100 - 0?
10110011100
In base 16, what is -7 - 14?
-1b
In base 10, what is 5 - -598?
603
In base 13, what is 2 + -27b3?
-27b1
In base 10, what is -756 - -4?
-752
In base 8, what is -30 - -1?
-27
In base 9, what is 1071 - -3?
1074
In base 5, what is -2231 + -132?
-2413
In base 15, what is b + -14b?
-140
In base 13, what is 4 + 3338?
333c
In base 6, what is -1243 - -33?
-1210
In base 14, what is 18 - 4b?
-33
In base 8, what is -20327 + 3?
-20324
In base 2, what is 100111 - -110100010?
111001001
In base 3, what is -2 - 220121?
-220200
In base 6, what is -12 - -42?
30
In base 7, what is 1 + 252?
253
In base 8, what is 2 + -77?
-75
In base 4, what is 300 - 11?
223
In base 2, what is 100001 - 10?
11111
In base 4, what is 103 + -33210?
-33101
In base 7, what is 351 + 3?
354
In base 4, what is -2110 + 1003?
-1101
In base 9, what is -700 - -5?
-684
In base 8, what is 1 + -11?
-10
In base 14, what is -5 + -141?
-146
In base 7, what is -3506 - 34?
-3543
In base 15, what is 3 + 187?
18a
In base 9, what is -60 - -14?
-45
In base 6, what is -5501 + 0?
-5501
In base 16, what is -19b3 + 3?
-19b0
In base 9, what